the prime factors of 761?
761
What are the prime factors of 88409?
211, 419
List the prime factors of 28836.
2, 3, 89
What are the prime factors of 15845?
5, 3169
List the prime factors of 20420.
2, 5, 1021
List the prime factors of 10633.
7, 31
What are the prime factors of 1127?
7, 23
List the prime factors of 532.
2, 7, 19
What are the prime factors of 5231?
5231
List the prime factors of 6458.
2, 3229
What are the prime factors of 8183?
7, 167
What are the prime factors of 15564?
2, 3, 1297
What are the prime factors of 771?
3, 257
What are the prime factors of 22849?
73, 313
List the prime factors of 35616.
2, 3, 7, 53
List the prime factors of 27760.
2, 5, 347
List the prime factors of 1299.
3, 433
What are the prime factors of 70418?
2, 137, 257
List the prime factors of 9220.
2, 5, 461
List the prime factors of 476.
2, 7, 17
What are the prime factors of 1527?
3, 509
List the prime factors of 1488.
2, 3, 31
List the prime factors of 7091.
7, 1013
What are the prime factors of 6359?
6359
What are the prime factors of 6115?
5, 1223
What are the prime factors of 20716?
2, 5179
List the prime factors of 17812.
2, 61, 73
List the prime factors of 14017.
107, 131
What are the prime factors of 2774?
2, 19, 73
List the prime factors of 1156.
2, 17
List the prime factors of 120377.
17, 73, 97
What are the prime factors of 966?
2, 3, 7, 23
What are the prime factors of 831?
3, 277
List the prime factors of 88652.
2, 37, 599
What are the prime factors of 1243?
11, 113
What are the prime factors of 86015?
5, 17203
What are the prime factors of 6630?
2, 3, 5, 13, 17
What are the prime factors of 7533?
3, 31
List the prime factors of 12250.
2, 5, 7
What are the prime factors of 53559?
3, 11, 541
What are the prime factors of 2222?
2, 11, 101
List the prime factors of 72094.
2, 11, 29, 113
List the prime factors of 519.
3, 173
What are the prime factors of 13337?
13337
List the prime factors of 2540.
2, 5, 127
List the prime factors of 623.
7, 89
What are the prime factors of 67690?
2, 5, 7, 967
List the prime factors of 1785.
3, 5, 7, 17
List the prime factors of 13830.
2, 3, 5, 461
What are the prime factors of 29751?
3, 47, 211
What are the prime factors of 362?
2, 181
What are the prime factors of 821?
821
What are the prime factors of 91160?
2, 5, 43, 53
List the prime factors of 36793.
36793
List the prime factors of 7200.
2, 3, 5
List the prime factors of 15646.
2, 7823
List the prime factors of 944.
2, 59
What are the prime factors of 91070?
2, 5, 7, 1301
What are the prime factors of 2229?
3, 743
List the prime factors of 33893.
33893
List the prime factors of 99507.
3, 41, 809
List the prime factors of 19819.
19819
List the prime factors of 454.
2, 227
List the prime factors of 22815.
3, 5, 13
What are the prime factors of 12117?
3, 7, 577
What are the prime factors of 1970?
2, 5, 197
What are the prime factors of 1345?
5, 269
What are the prime factors of 73436?
2, 11, 1669
What are the prime factors of 1422?
2, 3, 79
What are the prime factors of 374?
2, 11, 17
List the prime factors of 3856.
2, 241
What are the prime factors of 25?
5
List the prime factors of 30007.
37, 811
What are the prime factors of 15814?
2, 7907
List the prime factors of 198.
2, 3, 11
What are the prime factors of 100941?
3, 33647
List the prime factors of 2814.
2, 3, 7, 67
What are the prime factors of 218?
2, 109
List the prime factors of 4024.
2, 503
List the prime factors of 8922.
2, 3, 1487
List the prime factors of 25855.
5, 5171
List the prime factors of 125564.
2, 31391
List the prime factors of 41980.
2, 5, 2099
List the prime factors of 1265.
5, 11, 23
What are the prime factors of 128046?
2, 3, 21341
List the prime factors of 14615.
5, 37, 79
List the prime factors of 16214.
2, 11, 67
List the prime factors of 1180.
2, 5, 59
List the prime factors of 3405.
3, 5, 227
List the prime factors of 29057.
7, 593
What are the prime factors of 6126?
2, 3, 1021
What are the prime factors of 2166?
2, 3, 19
What are the prime factors of 2197?
13
List the prime factors of 1605.
3, 5, 107
List the prime factors of 46145.
5, 11, 839
What are the prime factors of 2088?
2, 3, 29
What are the prime factors of 63926?
2, 31963
What are the prime factors of 12794?
2, 6397
What are the prime factors of 21038?
2, 67, 157
What are the prime factors of 230?
2, 5, 23
What are the prime factors of 8529?
3, 2843
What are the prime factors of 13107?
3, 17, 257
List the prime factors of 15886.
2, 13, 47
List the prime factors of 3274.
2, 1637
What are the prime factors of 3983?
7, 569
What are the prime factors of 5174?
2, 13, 199
List the prime factors of 6447.
3, 7, 307
What are the prime factors of 803?
11, 73
List the prime factors of 38111.
23, 1657
What are the prime factors of 701?
701
What are the prime factors of 36635?
5, 17, 431
What are the prime factors of 1048?
2, 131
What are the prime factors of 1117?
1117
What are the prime factors of 22621?
22621
List the prime factors of 3285.
3, 5, 73
List the prime factors of 2411.
2411
List the prime factors of 1807.
13, 139
What are the prime factors of 41686?
2, 19, 1097
List the prime factors of 1655.
5, 331
List the prime factors of 340.
2, 5, 17
What are the prime factors of 19350?
2, 3, 5, 43
List the prime factors of 397.
397
List the prime factors of 1801.
1801
List the prime factors of 92963.
13, 7151
What are the prime factors of 158586?
2, 3, 26431
What are the prime factors of 5495?
5, 7, 157
What are the prime factors of 1139?
17, 67
What are the prime factors of 5066?
2, 17, 149
List the prime factors of 1536.
2, 3
List the prime factors of 27346.
2, 11, 113
List the prime factors of 28031.
28031
List the prime factors of 472.
2, 59
What are the prime factors of 1326?
2, 3, 13, 17
What are the prime factors of 404?
2, 101
What are the prime factors of 2534?
2, 7, 181
What are the prime factors of 18979?
18979
List the prime factors of 401.
401
What are the prime factors of 2627?
37, 71
List the prime factors of 36373.
36373
What are the prime factors of 724?
2, 181
List the prime factors of 21245.
5, 7, 607
List the prime factors of 19064.
2, 2383
List the prime factors of 18940.
2, 5, 947
What are the prime factors of 155072?
2, 2423
List the prime factors of 2315.
5, 463
List the prime factors of 356.
2, 89
List the prime factors of 38032.
2, 2377
List the prime factors of 219.
3, 73
What are the prime factors of 1195?
5, 239
What are the prime factors of 1135?
5, 227
List the prime factors of 36551.
36551
List the prime factors of 1788.
2, 3, 149
What are the prime factors of 11477?
23, 499
What are the prime factors of 753?
3, 251
What are the prime factors of 51892?
2, 12973
What are the prime factors of 672?
2, 3, 7
List the prime factors of 1087.
1087
What are the prime factors of 39585?
3, 5, 7, 13, 29
List the prime factors of 978.
2, 3, 163
List the prime factors of 403.
13, 31
List the prime factors of 10997.
7, 1571
What are the prime factors of 1325?
5, 53
List the prime factors of 1286.
2, 643
List the prime factors of 522.
2, 3, 29
List the prime factors of 7253.
7253
What are the prime factors of 3391?
3391
List the prime factors of 1272.
2, 3, 53
What are the prime factors of 15665?
5, 13, 241
What are the prime factors of 34377?
3, 7, 1637
List the prime factors of 123370.
2, 5, 13, 73
List the prime factors of 19386.
2, 3, 359
List the prime factors of 3939.
3, 13, 101
What are the prime factors of 248?
2, 31
What are the prime factors of 701?
701
What are the prime factors of 393?
3, 131
What are the prime factors of 9394?
2, 7, 11, 61
List the prime factors of 5098.
2, 2549
What are the prime factors of 2452?
2, 613
List the prime factors of 3968.
2, 31
List the prime factors of 2085.
3, 5, 139
List the prime factors of 1134.
2, 3, 7
List the prime factors of 695.
5, 139
What are the prime factors of 4739?
7, 677
List the prime factors of 858.
2, 3, 11, 13
List the prime factors of 902.
2, 11, 41
What are the prime factors of 29026?
2, 23, 631
List the prime factors of 1287.
3, 11, 13
What are the prime factors of 8496?
2, 3, 59
What are the prime factors of 1730?
2, 5, 173
What are the prime factors of 3618?
2, 3, 67
List the prime factors of 16961.
7, 2423
List the prime factors of 161.
